{"id":2043,"date":"2025-01-23T15:31:57","date_gmt":"2025-01-23T15:31:57","guid":{"rendered":"https:\/\/cuitzeo.gob.mx\/?page_id=2043"},"modified":"2025-01-23T16:54:01","modified_gmt":"2025-01-23T16:54:01","slug":"recusros-de-cinco-al-millar","status":"publish","type":"page","link":"https:\/\/cuitzeo.gob.mx\/index.php\/recusros-de-cinco-al-millar\/","title":{"rendered":"RECURSOS DE CINCO AL MILLAR"},"content":{"rendered":"<div class=\"fusion-fullwidth fullwidth-box fusion-builder-row-1 fusion-flex-container has-pattern-background has-mask-background nonhundred-percent-fullwidth non-hundred-percent-height-scrolling fusion-custom-z-index\" style=\"--awb-border-radius-top-left:0px;--awb-border-radius-top-right:0px;--awb-border-radius-bottom-right:0px;--awb-border-radius-bottom-left:0px;--awb-z-index:0;--awb-flex-wrap:wrap;\" ><div class=\"fusion-builder-row fusion-row fusion-flex-align-items-flex-start fusion-flex-content-wrap\" style=\"max-width:1216.8px;margin-left: calc(-4% \/ 2 );margin-right: calc(-4% \/ 2 );\"><div class=\"fusion-layout-column fusion_builder_column fusion-builder-column-0 fusion_builder_column_1_1 1_1 fusion-flex-column\" style=\"--awb-bg-size:cover;--awb-width-large:100%;--awb-margin-top-large:0px;--awb-spacing-right-large:1.92%;--awb-margin-bottom-large:0px;--awb-spacing-left-large:1.92%;--awb-width-medium:100%;--awb-order-medium:0;--awb-spacing-right-medium:1.92%;--awb-spacing-left-medium:1.92%;--awb-width-small:100%;--awb-order-small:0;--awb-spacing-right-small:1.92%;--awb-spacing-left-small:1.92%;\"><div class=\"fusion-column-wrapper fusion-column-has-shadow fusion-flex-justify-content-flex-start fusion-content-layout-column\"><div class=\"fusion-text fusion-text-1\" style=\"--awb-content-alignment:justify;\"><p class=\"s3\"><span class=\"s2\">RECURSOS CINCO AL MILLAR DEL MUNICIPIO DE CUITZEO<\/span>:<\/p>\n<p class=\"s4\">El punto 5.1 de los Lineamientos para ejercer los servicios de Vigilancia, Inspecci\u00f3n y Control Necesarios para Ejecuci\u00f3n de Obra P\u00fabica, con Recursos Provenientes de la Retenci\u00f3n del Cinco al Millar del Municipio de Cuitzeo, establece que el \u00d3rgano interno de Control pondr\u00e1 y mantendr\u00e1 informado al p\u00fablico en general la informaci\u00f3n mensual y anual financiera de los recursos del cinco al millar obtenido con fundamento en lo establecido en el art\u00edculo 43 de la Ley de Obra P\u00fablica y Servicios relacionados con la Misma para el Estado de Michoac\u00e1n de Ocampo.<\/p>\n<\/div><iframe referrerpolicy=\"no-referrer-when-downgrade\" height=\"2800px\" width=\"100%\" style=\"border:none;\" src=\"https:\/\/script.google.com\/a\/macros\/sisge.com.mx\/s\/AKfycbxa2e7C_XBQIOZDEyEfc-XrxKYENGXN8E2vhs5pbgKkB7l9MowQlDArexWpmzqywAD9\/exec\"><\/iframe>\n<\/div><\/div><\/div><\/div>\n","protected":false},"excerpt":{"rendered":"","protected":false},"author":1,"featured_media":0,"parent":0,"menu_order":0,"comment_status":"closed","ping_status":"closed","template":"","meta":{"footnotes":""},"class_list":["post-2043","page","type-page","status-publish","hentry"],"yoast_head":"<!-- This site is optimized with the Yoast SEO plugin v27.1.1 - https:\/\/yoast.com\/product\/yoast-seo-wordpress\/ -->\n<title>RECURSOS DE CINCO AL MILLAR - Municipio de Cuitzeo<\/title>\n<meta name=\"robots\" content=\"index, follow, max-snippet:-1, max-image-preview:large, max-video-preview:-1\" \/>\n<link rel=\"canonical\" href=\"https:\/\/cuitzeo.gob.mx\/index.php\/recusros-de-cinco-al-millar\/\" \/>\n<meta property=\"og:locale\" content=\"es_MX\" \/>\n<meta property=\"og:type\" content=\"article\" \/>\n<meta property=\"og:title\" content=\"RECURSOS DE CINCO AL MILLAR - Municipio de Cuitzeo\" \/>\n<meta property=\"og:url\" content=\"https:\/\/cuitzeo.gob.mx\/index.php\/recusros-de-cinco-al-millar\/\" \/>\n<meta property=\"og:site_name\" content=\"Municipio de Cuitzeo\" \/>\n<meta property=\"article:modified_time\" content=\"2025-01-23T16:54:01+00:00\" \/>\n<meta name=\"twitter:card\" content=\"summary_large_image\" \/>\n<meta name=\"twitter:label1\" content=\"Tiempo de lectura\" \/>\n\t<meta name=\"twitter:data1\" content=\"1 minuto\" \/>\n<script type=\"application\/ld+json\" class=\"yoast-schema-graph\">{\"@context\":\"https:\/\/schema.org\",\"@graph\":[{\"@type\":\"WebPage\",\"@id\":\"https:\/\/cuitzeo.gob.mx\/index.php\/recusros-de-cinco-al-millar\/\",\"url\":\"https:\/\/cuitzeo.gob.mx\/index.php\/recusros-de-cinco-al-millar\/\",\"name\":\"RECURSOS DE CINCO AL MILLAR - Municipio de Cuitzeo\",\"isPartOf\":{\"@id\":\"https:\/\/cuitzeo.gob.mx\/#website\"},\"datePublished\":\"2025-01-23T15:31:57+00:00\",\"dateModified\":\"2025-01-23T16:54:01+00:00\",\"breadcrumb\":{\"@id\":\"https:\/\/cuitzeo.gob.mx\/index.php\/recusros-de-cinco-al-millar\/#breadcrumb\"},\"inLanguage\":\"es\",\"potentialAction\":[{\"@type\":\"ReadAction\",\"target\":[\"https:\/\/cuitzeo.gob.mx\/index.php\/recusros-de-cinco-al-millar\/\"]}]},{\"@type\":\"BreadcrumbList\",\"@id\":\"https:\/\/cuitzeo.gob.mx\/index.php\/recusros-de-cinco-al-millar\/#breadcrumb\",\"itemListElement\":[{\"@type\":\"ListItem\",\"position\":1,\"name\":\"Inicio\",\"item\":\"https:\/\/cuitzeo.gob.mx\/\"},{\"@type\":\"ListItem\",\"position\":2,\"name\":\"RECURSOS DE CINCO AL MILLAR\"}]},{\"@type\":\"WebSite\",\"@id\":\"https:\/\/cuitzeo.gob.mx\/#website\",\"url\":\"https:\/\/cuitzeo.gob.mx\/\",\"name\":\"Municipio de Cuitzeo\",\"description\":\"Municipio de Cuitzeo\",\"potentialAction\":[{\"@type\":\"SearchAction\",\"target\":{\"@type\":\"EntryPoint\",\"urlTemplate\":\"https:\/\/cuitzeo.gob.mx\/?s={search_term_string}\"},\"query-input\":{\"@type\":\"PropertyValueSpecification\",\"valueRequired\":true,\"valueName\":\"search_term_string\"}}],\"inLanguage\":\"es\"}]}<\/script>\n<!-- \/ Yoast SEO plugin. -->","yoast_head_json":{"title":"RECURSOS DE CINCO AL MILLAR - Municipio de Cuitzeo","robots":{"index":"index","follow":"follow","max-snippet":"max-snippet:-1","max-image-preview":"max-image-preview:large","max-video-preview":"max-video-preview:-1"},"canonical":"https:\/\/cuitzeo.gob.mx\/index.php\/recusros-de-cinco-al-millar\/","og_locale":"es_MX","og_type":"article","og_title":"RECURSOS DE CINCO AL MILLAR - Municipio de Cuitzeo","og_url":"https:\/\/cuitzeo.gob.mx\/index.php\/recusros-de-cinco-al-millar\/","og_site_name":"Municipio de Cuitzeo","article_modified_time":"2025-01-23T16:54:01+00:00","twitter_card":"summary_large_image","twitter_misc":{"Tiempo de lectura":"1 minuto"},"schema":{"@context":"https:\/\/schema.org","@graph":[{"@type":"WebPage","@id":"https:\/\/cuitzeo.gob.mx\/index.php\/recusros-de-cinco-al-millar\/","url":"https:\/\/cuitzeo.gob.mx\/index.php\/recusros-de-cinco-al-millar\/","name":"RECURSOS DE CINCO AL MILLAR - Municipio de Cuitzeo","isPartOf":{"@id":"https:\/\/cuitzeo.gob.mx\/#website"},"datePublished":"2025-01-23T15:31:57+00:00","dateModified":"2025-01-23T16:54:01+00:00","breadcrumb":{"@id":"https:\/\/cuitzeo.gob.mx\/index.php\/recusros-de-cinco-al-millar\/#breadcrumb"},"inLanguage":"es","potentialAction":[{"@type":"ReadAction","target":["https:\/\/cuitzeo.gob.mx\/index.php\/recusros-de-cinco-al-millar\/"]}]},{"@type":"BreadcrumbList","@id":"https:\/\/cuitzeo.gob.mx\/index.php\/recusros-de-cinco-al-millar\/#breadcrumb","itemListElement":[{"@type":"ListItem","position":1,"name":"Inicio","item":"https:\/\/cuitzeo.gob.mx\/"},{"@type":"ListItem","position":2,"name":"RECURSOS DE CINCO AL MILLAR"}]},{"@type":"WebSite","@id":"https:\/\/cuitzeo.gob.mx\/#website","url":"https:\/\/cuitzeo.gob.mx\/","name":"Municipio de Cuitzeo","description":"Municipio de Cuitzeo","potentialAction":[{"@type":"SearchAction","target":{"@type":"EntryPoint","urlTemplate":"https:\/\/cuitzeo.gob.mx\/?s={search_term_string}"},"query-input":{"@type":"PropertyValueSpecification","valueRequired":true,"valueName":"search_term_string"}}],"inLanguage":"es"}]}},"_links":{"self":[{"href":"https:\/\/cuitzeo.gob.mx\/index.php\/wp-json\/wp\/v2\/pages\/2043","targetHints":{"allow":["GET"]}}],"collection":[{"href":"https:\/\/cuitzeo.gob.mx\/index.php\/wp-json\/wp\/v2\/pages"}],"about":[{"href":"https:\/\/cuitzeo.gob.mx\/index.php\/wp-json\/wp\/v2\/types\/page"}],"author":[{"embeddable":true,"href":"https:\/\/cuitzeo.gob.mx\/index.php\/wp-json\/wp\/v2\/users\/1"}],"replies":[{"embeddable":true,"href":"https:\/\/cuitzeo.gob.mx\/index.php\/wp-json\/wp\/v2\/comments?post=2043"}],"version-history":[{"count":3,"href":"https:\/\/cuitzeo.gob.mx\/index.php\/wp-json\/wp\/v2\/pages\/2043\/revisions"}],"predecessor-version":[{"id":2052,"href":"https:\/\/cuitzeo.gob.mx\/index.php\/wp-json\/wp\/v2\/pages\/2043\/revisions\/2052"}],"wp:attachment":[{"href":"https:\/\/cuitzeo.gob.mx\/index.php\/wp-json\/wp\/v2\/media?parent=2043"}],"curies":[{"name":"wp","href":"https:\/\/api.w.org\/{rel}","templated":true}]}}