{"id":2228,"date":"2025-09-01T19:35:43","date_gmt":"2025-09-01T19:35:43","guid":{"rendered":"https:\/\/cuitzeo.gob.mx\/?page_id=2228"},"modified":"2025-09-01T19:37:29","modified_gmt":"2025-09-01T19:37:29","slug":"sondeo-ciudadano-sobre-corrupcion-en-el-ayuntamiento-de-cuitzeo","status":"publish","type":"page","link":"https:\/\/cuitzeo.gob.mx\/index.php\/sondeo-ciudadano-sobre-corrupcion-en-el-ayuntamiento-de-cuitzeo\/","title":{"rendered":"Sondeo Ciudadano sobre Corrupci\u00f3n en el Ayuntamiento de Cuitzeo"},"content":{"rendered":"<div class=\"fusion-fullwidth fullwidth-box fusion-builder-row-1 fusion-flex-container has-pattern-background has-mask-background nonhundred-percent-fullwidth non-hundred-percent-height-scrolling\" style=\"--awb-border-radius-top-left:0px;--awb-border-radius-top-right:0px;--awb-border-radius-bottom-right:0px;--awb-border-radius-bottom-left:0px;--awb-flex-wrap:wrap;\" ><div class=\"awb-background-mask\" style=\"background-image:  url(data:image\/svg+xml;utf8,%3Csvg%20width%3D%221920%22%20height%3D%22954%22%20fill%3D%22none%22%20xmlns%3D%22http%3A%2F%2Fwww.w3.org%2F2000%2Fsvg%22%3E%3Cpath%20fill-rule%3D%22evenodd%22%20clip-rule%3D%22evenodd%22%20d%3D%22M1920%20615.353V340.175l-137.59%20137.589L1920%20615.353zM1919.24%20954l-167.18-167.177-139.35-139.353L1443%20477.764l169.71-169.706%20139.35-139.352L1920%20.764V0h-137.19L1345%20437.812%20907.188%200H0v954h907l84.447-84.447%20268.703-268.7L1345%20516l84.85%2084.853%20268.7%20268.7L1783%20954h136.24zM1345%20685.706L1613.29%20954H1526l-138.57-138.574L1345%20773l-42.43%2042.426L1164%20954h-87.29L1345%20685.706zM1248.85%20954l96.15-96.147L1441.15%20954h-192.3z%22%20fill%3D%22rgba%28226%2C226%2C226%2C1%29%22%2F%3E%3C%2Fsvg%3E);opacity: 1 ;transform: scale(1, 1);mix-blend-mode:normal;\"><\/div><div class=\"fusion-builder-row fusion-row fusion-flex-align-items-flex-start fusion-flex-content-wrap\" style=\"max-width:1216.8px;margin-left: calc(-4% \/ 2 );margin-right: calc(-4% \/ 2 );\"><div class=\"fusion-layout-column fusion_builder_column fusion-builder-column-0 fusion_builder_column_2_3 2_3 fusion-flex-column\" style=\"--awb-bg-size:cover;--awb-width-large:66.666666666667%;--awb-margin-top-large:0px;--awb-spacing-right-large:2.88%;--awb-margin-bottom-large:0px;--awb-spacing-left-large:2.88%;--awb-width-medium:100%;--awb-order-medium:0;--awb-spacing-right-medium:1.92%;--awb-spacing-left-medium:1.92%;--awb-width-small:100%;--awb-order-small:0;--awb-spacing-right-small:1.92%;--awb-spacing-left-small:1.92%;\"><div class=\"fusion-column-wrapper fusion-column-has-shadow fusion-flex-justify-content-flex-start fusion-content-layout-column\"><div class=\"fusion-video fusion-youtube\" style=\"--awb-max-width:600px;--awb-max-height:360px;--awb-align-self:center;--awb-width:100%;\"><div class=\"video-shortcode\"><lite-youtube videoid=\"w7OU2TQBgRU\" class=\"landscape\" params=\"wmode=transparent&autoplay=1&amp;enablejsapi=1\" title=\"YouTube video player 1\" data-button-label=\"Play Video\" width=\"600\" height=\"360\" data-thumbnail-size=\"auto\" data-no-cookie=\"on\"><\/lite-youtube><\/div><\/div><\/div><\/div><div class=\"fusion-layout-column fusion_builder_column fusion-builder-column-1 fusion_builder_column_1_3 1_3 fusion-flex-column\" style=\"--awb-bg-size:cover;--awb-width-large:33.333333333333%;--awb-margin-top-large:0px;--awb-spacing-right-large:5.76%;--awb-margin-bottom-large:0px;--awb-spacing-left-large:5.76%;--awb-width-medium:100%;--awb-order-medium:0;--awb-spacing-right-medium:1.92%;--awb-spacing-left-medium:1.92%;--awb-width-small:100%;--awb-order-small:0;--awb-spacing-right-small:1.92%;--awb-spacing-left-small:1.92%;\"><div class=\"fusion-column-wrapper fusion-column-has-shadow fusion-flex-justify-content-flex-start fusion-content-layout-column\"><div class=\"fusion-text fusion-text-1\" style=\"--awb-content-alignment:justify;\"><div class=\"xdj266r x14z9mp xat24cr x1lziwak x1vvkbs\">\n<div dir=\"auto\">\u00a0Sondeo Ciudadano sobre Corrupci\u00f3n en el Ayuntamiento de Cuitzeo\u00a0<span class=\"html-span xexx8yu xyri2b x18d9i69 x1c1uobl x1hl2dhg x16tdsg8 x1vvkbs x3nfvp2 x1j61x8r x1fcty0u xdj266r xat24cr xm2jcoa x1mpyi22 xxymvpz xlup9mm x1kky2od\"><img decoding=\"async\" class=\"lazyload xz74otr x15mokao x1ga7v0g x16uus16 xbiv7yw\" src=\"data:image\/svg+xml,%3Csvg%20xmlns%3D%27http%3A%2F%2Fwww.w3.org%2F2000%2Fsvg%27%20width%3D%2716%27%20height%3D%2716%27%20viewBox%3D%270%200%2016%2016%27%3E%3Crect%20width%3D%2716%27%20height%3D%2716%27%20fill-opacity%3D%220%22%2F%3E%3C%2Fsvg%3E\" data-orig-src=\"https:\/\/static.xx.fbcdn.net\/images\/emoji.php\/v9\/t7f\/2\/16\/1f31f.png\" alt=\"\ud83c\udf1f\" width=\"16\" height=\"16\" \/><\/span><\/div>\n<\/div>\n<div class=\"x14z9mp xat24cr x1lziwak x1vvkbs xtlvy1s\">\n<div dir=\"auto\">El\u00a0Departamento de Contralor\u00eda Municipal ha realizado un sondeo ciudadano enfocado en temas de corrupci\u00f3n en diversas \u00e1reas del ayuntamiento de Cuitzeo. Esta iniciativa busca promover el valor de la institucionalidad y la honestidad en el servicio p\u00fablico.<\/div>\n<\/div>\n<div class=\"x14z9mp xat24cr x1lziwak x1vvkbs xtlvy1s\">\n<div dir=\"auto\">Agradecemos a todos los ciudadanos que participaron y compartieron sus opiniones, contribuyendo as\u00ed a fortalecer la transparencia y la confianza en nuestra administraci\u00f3n.<\/div>\n<\/div>\n<div class=\"x14z9mp xat24cr x1lziwak x1vvkbs xtlvy1s\">\n<div dir=\"auto\">\u00a1Juntos construimos un Cuitzeo m\u00e1s honesto y transparente!<\/div>\n<\/div>\n<\/div><\/div><\/div><div class=\"fusion-layout-column fusion_builder_column fusion-builder-column-2 fusion_builder_column_1_1 1_1 fusion-flex-column\" style=\"--awb-bg-size:cover;--awb-width-large:100%;--awb-margin-top-large:0px;--awb-spacing-right-large:1.92%;--awb-margin-bottom-large:0px;--awb-spacing-left-large:1.92%;--awb-width-medium:100%;--awb-order-medium:0;--awb-spacing-right-medium:1.92%;--awb-spacing-left-medium:1.92%;--awb-width-small:100%;--awb-order-small:0;--awb-spacing-right-small:1.92%;--awb-spacing-left-small:1.92%;\"><div class=\"fusion-column-wrapper fusion-column-has-shadow fusion-flex-justify-content-flex-start fusion-content-layout-column\"><div class=\"fusion-image-element \" style=\"text-align:center;--awb-caption-title-font-family:var(--h2_typography-font-family);--awb-caption-title-font-weight:var(--h2_typography-font-weight);--awb-caption-title-font-style:var(--h2_typography-font-style);--awb-caption-title-size:var(--h2_typography-font-size);--awb-caption-title-transform:var(--h2_typography-text-transform);--awb-caption-title-line-height:var(--h2_typography-line-height);--awb-caption-title-letter-spacing:var(--h2_typography-letter-spacing);\"><span class=\" fusion-imageframe imageframe-none imageframe-1 hover-type-none\"><img decoding=\"async\" width=\"150\" height=\"150\" title=\"cropped-Untitled-design.png\" src=\"https:\/\/cuitzeo.gob.mx\/wp-content\/uploads\/2025\/05\/cropped-Untitled-design.png\" data-orig-src=\"https:\/\/cuitzeo.gob.mx\/wp-content\/uploads\/2025\/05\/cropped-Untitled-design-150x150.png\" alt class=\"lazyload img-responsive wp-image-2179\" srcset=\"data:image\/svg+xml,%3Csvg%20xmlns%3D%27http%3A%2F%2Fwww.w3.org%2F2000%2Fsvg%27%20width%3D%27512%27%20height%3D%27512%27%20viewBox%3D%270%200%20512%20512%27%3E%3Crect%20width%3D%27512%27%20height%3D%27512%27%20fill-opacity%3D%220%22%2F%3E%3C%2Fsvg%3E\" data-srcset=\"https:\/\/cuitzeo.gob.mx\/wp-content\/uploads\/2025\/05\/cropped-Untitled-design-200x200.png 200w, https:\/\/cuitzeo.gob.mx\/wp-content\/uploads\/2025\/05\/cropped-Untitled-design-400x400.png 400w, https:\/\/cuitzeo.gob.mx\/wp-content\/uploads\/2025\/05\/cropped-Untitled-design.png 512w\" data-sizes=\"auto\" data-orig-sizes=\"(max-width: 1024px) 100vw, (max-width: 640px) 100vw, 150px\" \/><\/span><\/div><\/div><\/div><\/div><\/div>\n","protected":false},"excerpt":{"rendered":"","protected":false},"author":1,"featured_media":0,"parent":0,"menu_order":0,"comment_status":"closed","ping_status":"closed","template":"","meta":{"footnotes":""},"class_list":["post-2228","page","type-page","status-publish","hentry"],"yoast_head":"<!-- This site is optimized with the Yoast SEO plugin v27.3 - https:\/\/yoast.com\/product\/yoast-seo-wordpress\/ -->\n<title>Sondeo Ciudadano sobre Corrupci\u00f3n en el Ayuntamiento de Cuitzeo - Municipio de Cuitzeo<\/title>\n<meta name=\"robots\" content=\"index, follow, max-snippet:-1, max-image-preview:large, max-video-preview:-1\" \/>\n<link rel=\"canonical\" href=\"https:\/\/cuitzeo.gob.mx\/index.php\/sondeo-ciudadano-sobre-corrupcion-en-el-ayuntamiento-de-cuitzeo\/\" \/>\n<meta property=\"og:locale\" content=\"es_MX\" \/>\n<meta property=\"og:type\" content=\"article\" \/>\n<meta property=\"og:title\" content=\"Sondeo Ciudadano sobre Corrupci\u00f3n en el Ayuntamiento de Cuitzeo - Municipio de Cuitzeo\" \/>\n<meta property=\"og:url\" content=\"https:\/\/cuitzeo.gob.mx\/index.php\/sondeo-ciudadano-sobre-corrupcion-en-el-ayuntamiento-de-cuitzeo\/\" \/>\n<meta property=\"og:site_name\" content=\"Municipio de Cuitzeo\" \/>\n<meta property=\"article:modified_time\" content=\"2025-09-01T19:37:29+00:00\" \/>\n<meta property=\"og:image\" content=\"https:\/\/static.xx.fbcdn.net\/images\/emoji.php\/v9\/t7f\/2\/16\/1f31f.png\" \/>\n<meta name=\"twitter:card\" content=\"summary_large_image\" \/>\n<meta name=\"twitter:label1\" content=\"Tiempo de lectura\" \/>\n\t<meta name=\"twitter:data1\" content=\"1 minuto\" \/>\n<script type=\"application\/ld+json\" class=\"yoast-schema-graph\">{\"@context\":\"https:\\\/\\\/schema.org\",\"@graph\":[{\"@type\":\"WebPage\",\"@id\":\"https:\\\/\\\/cuitzeo.gob.mx\\\/index.php\\\/sondeo-ciudadano-sobre-corrupcion-en-el-ayuntamiento-de-cuitzeo\\\/\",\"url\":\"https:\\\/\\\/cuitzeo.gob.mx\\\/index.php\\\/sondeo-ciudadano-sobre-corrupcion-en-el-ayuntamiento-de-cuitzeo\\\/\",\"name\":\"Sondeo Ciudadano sobre Corrupci\u00f3n en el Ayuntamiento de Cuitzeo - Municipio de Cuitzeo\",\"isPartOf\":{\"@id\":\"https:\\\/\\\/cuitzeo.gob.mx\\\/#website\"},\"primaryImageOfPage\":{\"@id\":\"https:\\\/\\\/cuitzeo.gob.mx\\\/index.php\\\/sondeo-ciudadano-sobre-corrupcion-en-el-ayuntamiento-de-cuitzeo\\\/#primaryimage\"},\"image\":{\"@id\":\"https:\\\/\\\/cuitzeo.gob.mx\\\/index.php\\\/sondeo-ciudadano-sobre-corrupcion-en-el-ayuntamiento-de-cuitzeo\\\/#primaryimage\"},\"thumbnailUrl\":\"https:\\\/\\\/static.xx.fbcdn.net\\\/images\\\/emoji.php\\\/v9\\\/t7f\\\/2\\\/16\\\/1f31f.png\",\"datePublished\":\"2025-09-01T19:35:43+00:00\",\"dateModified\":\"2025-09-01T19:37:29+00:00\",\"breadcrumb\":{\"@id\":\"https:\\\/\\\/cuitzeo.gob.mx\\\/index.php\\\/sondeo-ciudadano-sobre-corrupcion-en-el-ayuntamiento-de-cuitzeo\\\/#breadcrumb\"},\"inLanguage\":\"es\",\"potentialAction\":[{\"@type\":\"ReadAction\",\"target\":[\"https:\\\/\\\/cuitzeo.gob.mx\\\/index.php\\\/sondeo-ciudadano-sobre-corrupcion-en-el-ayuntamiento-de-cuitzeo\\\/\"]}]},{\"@type\":\"ImageObject\",\"inLanguage\":\"es\",\"@id\":\"https:\\\/\\\/cuitzeo.gob.mx\\\/index.php\\\/sondeo-ciudadano-sobre-corrupcion-en-el-ayuntamiento-de-cuitzeo\\\/#primaryimage\",\"url\":\"https:\\\/\\\/static.xx.fbcdn.net\\\/images\\\/emoji.php\\\/v9\\\/t7f\\\/2\\\/16\\\/1f31f.png\",\"contentUrl\":\"https:\\\/\\\/static.xx.fbcdn.net\\\/images\\\/emoji.php\\\/v9\\\/t7f\\\/2\\\/16\\\/1f31f.png\"},{\"@type\":\"BreadcrumbList\",\"@id\":\"https:\\\/\\\/cuitzeo.gob.mx\\\/index.php\\\/sondeo-ciudadano-sobre-corrupcion-en-el-ayuntamiento-de-cuitzeo\\\/#breadcrumb\",\"itemListElement\":[{\"@type\":\"ListItem\",\"position\":1,\"name\":\"Inicio\",\"item\":\"https:\\\/\\\/cuitzeo.gob.mx\\\/\"},{\"@type\":\"ListItem\",\"position\":2,\"name\":\"Sondeo Ciudadano sobre Corrupci\u00f3n en el Ayuntamiento de Cuitzeo\"}]},{\"@type\":\"WebSite\",\"@id\":\"https:\\\/\\\/cuitzeo.gob.mx\\\/#website\",\"url\":\"https:\\\/\\\/cuitzeo.gob.mx\\\/\",\"name\":\"Municipio de Cuitzeo\",\"description\":\"Municipio de Cuitzeo\",\"potentialAction\":[{\"@type\":\"SearchAction\",\"target\":{\"@type\":\"EntryPoint\",\"urlTemplate\":\"https:\\\/\\\/cuitzeo.gob.mx\\\/?s={search_term_string}\"},\"query-input\":{\"@type\":\"PropertyValueSpecification\",\"valueRequired\":true,\"valueName\":\"search_term_string\"}}],\"inLanguage\":\"es\"}]}<\/script>\n<!-- \/ Yoast SEO plugin. -->","yoast_head_json":{"title":"Sondeo Ciudadano sobre Corrupci\u00f3n en el Ayuntamiento de Cuitzeo - Municipio de Cuitzeo","robots":{"index":"index","follow":"follow","max-snippet":"max-snippet:-1","max-image-preview":"max-image-preview:large","max-video-preview":"max-video-preview:-1"},"canonical":"https:\/\/cuitzeo.gob.mx\/index.php\/sondeo-ciudadano-sobre-corrupcion-en-el-ayuntamiento-de-cuitzeo\/","og_locale":"es_MX","og_type":"article","og_title":"Sondeo Ciudadano sobre Corrupci\u00f3n en el Ayuntamiento de Cuitzeo - Municipio de Cuitzeo","og_url":"https:\/\/cuitzeo.gob.mx\/index.php\/sondeo-ciudadano-sobre-corrupcion-en-el-ayuntamiento-de-cuitzeo\/","og_site_name":"Municipio de Cuitzeo","article_modified_time":"2025-09-01T19:37:29+00:00","og_image":[{"url":"https:\/\/static.xx.fbcdn.net\/images\/emoji.php\/v9\/t7f\/2\/16\/1f31f.png","type":"","width":"","height":""}],"twitter_card":"summary_large_image","twitter_misc":{"Tiempo de lectura":"1 minuto"},"schema":{"@context":"https:\/\/schema.org","@graph":[{"@type":"WebPage","@id":"https:\/\/cuitzeo.gob.mx\/index.php\/sondeo-ciudadano-sobre-corrupcion-en-el-ayuntamiento-de-cuitzeo\/","url":"https:\/\/cuitzeo.gob.mx\/index.php\/sondeo-ciudadano-sobre-corrupcion-en-el-ayuntamiento-de-cuitzeo\/","name":"Sondeo Ciudadano sobre Corrupci\u00f3n en el Ayuntamiento de Cuitzeo - Municipio de Cuitzeo","isPartOf":{"@id":"https:\/\/cuitzeo.gob.mx\/#website"},"primaryImageOfPage":{"@id":"https:\/\/cuitzeo.gob.mx\/index.php\/sondeo-ciudadano-sobre-corrupcion-en-el-ayuntamiento-de-cuitzeo\/#primaryimage"},"image":{"@id":"https:\/\/cuitzeo.gob.mx\/index.php\/sondeo-ciudadano-sobre-corrupcion-en-el-ayuntamiento-de-cuitzeo\/#primaryimage"},"thumbnailUrl":"https:\/\/static.xx.fbcdn.net\/images\/emoji.php\/v9\/t7f\/2\/16\/1f31f.png","datePublished":"2025-09-01T19:35:43+00:00","dateModified":"2025-09-01T19:37:29+00:00","breadcrumb":{"@id":"https:\/\/cuitzeo.gob.mx\/index.php\/sondeo-ciudadano-sobre-corrupcion-en-el-ayuntamiento-de-cuitzeo\/#breadcrumb"},"inLanguage":"es","potentialAction":[{"@type":"ReadAction","target":["https:\/\/cuitzeo.gob.mx\/index.php\/sondeo-ciudadano-sobre-corrupcion-en-el-ayuntamiento-de-cuitzeo\/"]}]},{"@type":"ImageObject","inLanguage":"es","@id":"https:\/\/cuitzeo.gob.mx\/index.php\/sondeo-ciudadano-sobre-corrupcion-en-el-ayuntamiento-de-cuitzeo\/#primaryimage","url":"https:\/\/static.xx.fbcdn.net\/images\/emoji.php\/v9\/t7f\/2\/16\/1f31f.png","contentUrl":"https:\/\/static.xx.fbcdn.net\/images\/emoji.php\/v9\/t7f\/2\/16\/1f31f.png"},{"@type":"BreadcrumbList","@id":"https:\/\/cuitzeo.gob.mx\/index.php\/sondeo-ciudadano-sobre-corrupcion-en-el-ayuntamiento-de-cuitzeo\/#breadcrumb","itemListElement":[{"@type":"ListItem","position":1,"name":"Inicio","item":"https:\/\/cuitzeo.gob.mx\/"},{"@type":"ListItem","position":2,"name":"Sondeo Ciudadano sobre Corrupci\u00f3n en el Ayuntamiento de Cuitzeo"}]},{"@type":"WebSite","@id":"https:\/\/cuitzeo.gob.mx\/#website","url":"https:\/\/cuitzeo.gob.mx\/","name":"Municipio de Cuitzeo","description":"Municipio de Cuitzeo","potentialAction":[{"@type":"SearchAction","target":{"@type":"EntryPoint","urlTemplate":"https:\/\/cuitzeo.gob.mx\/?s={search_term_string}"},"query-input":{"@type":"PropertyValueSpecification","valueRequired":true,"valueName":"search_term_string"}}],"inLanguage":"es"}]}},"_links":{"self":[{"href":"https:\/\/cuitzeo.gob.mx\/index.php\/wp-json\/wp\/v2\/pages\/2228","targetHints":{"allow":["GET"]}}],"collection":[{"href":"https:\/\/cuitzeo.gob.mx\/index.php\/wp-json\/wp\/v2\/pages"}],"about":[{"href":"https:\/\/cuitzeo.gob.mx\/index.php\/wp-json\/wp\/v2\/types\/page"}],"author":[{"embeddable":true,"href":"https:\/\/cuitzeo.gob.mx\/index.php\/wp-json\/wp\/v2\/users\/1"}],"replies":[{"embeddable":true,"href":"https:\/\/cuitzeo.gob.mx\/index.php\/wp-json\/wp\/v2\/comments?post=2228"}],"version-history":[{"count":3,"href":"https:\/\/cuitzeo.gob.mx\/index.php\/wp-json\/wp\/v2\/pages\/2228\/revisions"}],"predecessor-version":[{"id":2231,"href":"https:\/\/cuitzeo.gob.mx\/index.php\/wp-json\/wp\/v2\/pages\/2228\/revisions\/2231"}],"wp:attachment":[{"href":"https:\/\/cuitzeo.gob.mx\/index.php\/wp-json\/wp\/v2\/media?parent=2228"}],"curies":[{"name":"wp","href":"https:\/\/api.w.org\/{rel}","templated":true}]}}